/(-3) + 2/6. Suppose -a*s = s - g. What is the tens digit of s?
5
Suppose -86888 = -2*l + 5*r, -2*l + 152*r - 149*r + 86880 = 0. What is the thousands digit of l?
3
Let t(g) = g**3 + 8*g**2 - 2*g - 12. Let i be t(-8). Let s(n) = -n**2 + 3*n + 4. Let c be s(i). What is the units digit of (c - 1)/(3*3/(-243))?
7
Let t = 8 - -554. Let m = 938 - t. What is the hundreds digit of m?
3
Suppose 25*b - 197 = 228. Suppose -5*v + 21*y = b*y - 1484, 0 = y - 4. What is the hundreds digit of v?
3
Let y be (-9)/((-135)/1510)*3. Let k = y + -7. What is the hundreds digit of k*(-1 - (0 + -2))?
2
Suppose -187970 + 993676 = 53*o. What is the units digit of o?
2
Suppose -96 + 60 = 2*s. What is the hundreds digit of 291 + -6*6/s?
2
Let z = -31942 - -46536. What is the units digit of z?
4
Let t = 73 + -59. Suppose t*p - 10*p = 88. Let b = p + 27. What is the units digit of b?
9
Suppose -5*f + 3*v = -390, -3*f - 5*v = 31 - 231. Let a = f + -62. Suppose -a*y + 12*y + 205 = 0. What is the hundreds digit of y?
2
Suppose 2*h - 24 = 3*t, 3*t + h + 16 + 17 = 0. Let r = t + 6. What is the tens digit of 6/(-9) + 394*r/(-24)?
6
Suppose 2*z - 1348 = -5*o, 2*z - 5*o = 1263 + 25. What is the units digit of z?
9
Suppose 2*p + 5*c = 35, -3*p + 3*c + 5 = p. Suppose -p*i + 14*i = 3906. What is the units digit of i?
4
Let x(z) = z**3 + 28*z**2 + 79*z + 8. Let k be x(-25). Let w = k - -96. What is the units digit of w?
4
Let l(w) = -112*w**3 + 4*w**2 - 4*w + 9. Let b(z) = 112*z**3 - 3*z**2 + 4*z - 9. Let k(m) = 3*b(m) + 2*l(m). What is the tens digit of k(2)?
9
Suppose -5*r + 13 = -12. Let v be (r + (-2 - 0))*1. Suppose 4*t - 3*b - 45 = 0, 4*t + v*b - 66 - 9 = 0. What is the tens digit of t?
1
Let j(o) = -6*o + 1. Let p(w) = -26*w + 22. Let t(v) = 22*j(v) - 2*p(v). Let n be 4*3/36*-9. What is the units digit of t(n)?
8
Suppose -9*l + 13296 = 2*z - 13*l, -26550 = -4*z + l. What is the hundreds digit of z?
6
Suppose 2*j = -4*u - 478, 5*j - 233 = -u + 3*u. Let o = 86 + u. Let n = o - -208. What is the tens digit of n?
7
Suppose -11*q + 77488 + 203602 - 57834 = 0. What is the hundreds digit of q?
2
Let x = 35 + -33. Suppose 12*g - x*g = 4100. What is the hundreds digit of g?
4
Let u = -24 - 28. Let z = 53 + u. What is the tens digit of 14*z*34/4?
1
Let w = -6599 + 9611. What is the units digit of w?
2
Let i = 34658 - 27703. What is the thousands digit of i?
6
Suppose -2*j - 2*n = -7*n - 56292, 5*n - 112614 = -4*j. What is the hundreds digit of j?
1
Let m = -20429 + 49640. What is the thousands digit of m?
9
Suppose 0*a - k = -2*a + 6414, 0 = -2*a - 3*k + 6414. What is the hundreds digit of a?
2
What is the thousands digit of -6 + 78096/32 - 28/8?
2
Let q = 31399 - 8722. What is the units digit of q?
7
Let n(b) = -b**3 - 9*b + 4. Let g(d) = d**2 + 1. Suppose 4*q - 3*z + 9 = 0, -z - 35 = -3*q + 8*q. Let a(x) = q*g(x) + n(x). What is the units digit of a(-7)?
0
Let h = 41211 - 13922. What is the ten thousands digit of h?
2
Suppose 5202 = f + 4*u - 4305, -5*u = -3*f + 28402. What is the hundreds digit of f?
4
Let x be ((-12)/24)/(-1 - (-9)/6). Let l(m) = 1022*m**2 - 11*m - 11. What is the tens digit of l(x)?
2
Let o be (20/8)/(-1 - (-9)/6). Suppose 0 = 4*j + 2*a - 1766, -4*j + 154 = o*a - 1615. What is the units digit of j?
1
Let w = 6565 + -724. What is the units digit of w?
1
Let v be (-1 + (-949)/(-3))/((-18)/(-27)). Let s(t) = 5*t - v + 8*t - 2*t + 497. What is the units digit of s(6)?
0
Let q = 364 - 359. Suppose -5*s - 3503 = -4*d, 2*d - 1744 = -q*s + 9*s. What is the units digit of d?
2
Suppose i = -1024 + 110. Let o = i + 2429. What is the thousands digit of o?
1
Let f be (-115424)/160 + 3/(-5). Let m = f - -1299. What is the tens digit of m?
7
What is the tens digit of ((-4)/(-25)*-20)/((-4)/8930)?
4
Let o = -31 + 35. Suppose o*l + 3 = 11. Suppose 9*f = l*f + 413. What is the units digit of f?
9
Suppose -3*o + 60 + 528 = 0. Let s = 101 - o. Let d = s - -258. What is the units digit of d?
3
Suppose -x - 2 + 6 = 0. Suppose -6*d + 468 = x*q - 2*d, 4*q + 2*d - 478 = 0. What is the tens digit of q?
2
Let b(l) = -l**3 + 9*l**2 + 27*l - 55. Let z be b(11). Suppose -n = 3*n - 12. Suppose -4*u + 737 = -5*q, z*u - n*u - q = -529. What is the hundreds digit of u?
1
Let q(f) = -f**2 + 94*f + 678. What is the units digit of q(83)?
1
Let l = -121 - -124. Suppose -12 = -3*o - 12. Suppose o*s - 4*h - 187 = -s, 3*h - l = 0. What is the hundreds digit of s?
1
Let a(c) = c**3 + c**2 - 8*c + 1372. Let f be a(0). Suppose 0 = -5*h + 20 - 0, 0 = 2*k + 5*h - f. What is the tens digit of k?
7
Let w = 541 + -538. Suppose 6*m - 4*s = 7*m - 373, -w*s + 761 = 2*m. What is the units digit of m?
5
Let a(f) = 15*f + 4. Let c be a(-4). Let d = c + -18. Let b = d + 170. What is the tens digit of b?
9
Let t(h) = -h + 22. Let y be t(16). Let u be (10/y)/(13/(-741)). What is the tens digit of (1 + u)*3/(-6)?
4
Suppose 0 = -29*x + 186939 + 77744. What is the units digit of x?
7
Let i = -197 + 201. Suppose 3*v - 5842 = -5*u + i*v, 0 = 3*u - 4*v - 3512. What is the thousands digit of u?
1
Let d = 831 + 1081. What is the thousands digit of d?
1
Let p = -3885 + 18128. What is the hundreds digit of p?
2
Suppose -2*f = -5*n - 46, 4*f = -33*n + 31*n + 92. Suppose -3*p = -21*i + f*i - 2747, 2*p + 2732 = 2*i. What is the thousands digit of i?
1
Let h(y) = -y**2 - 15*y - 45. Let r be h(-10). Suppose -3*g + 329 = 5*k - 1505, 0 = r*k - 5*g - 1810. What is the tens digit of k?
6
Let j = 751 - 282. Suppose -2*z - 2 + 28 = 4*v, 4*z - 24 = -4*v. Suppose v*c - j = 182. What is the tens digit of c?
9
Let v be (1/(-2) + 4/(-2))*-130. Let n = -171 + v. What is the hundreds digit of n?
1
Suppose 0 = 163*t + 350132 - 373548 - 2255161. What is the tens digit of t?
7
Suppose -10*f + 5*f + 22529 = 3*a, 3*f = 3*a - 22497. What is the units digit of a?
3
Let d = -1684 - -1681. Let c(y) = -4*y**3 - 2*y**2 + y + y**2 + 4 - 2*y. What is the hundreds digit of c(d)?
1
Suppose 6219 = f - 1849. What is the hundreds digit of f?
0
Let z = 526 - 182. Suppose 5*w - 4*u - 422 = 0, 0 = u + 3*u - 8. Suppose -d = -2*t - t - w, -4*d + 3*t + z = 0. What is the tens digit of d?
8
Let i(q) = q**2 - q + 5. Suppose -2*f + 80 = f - 2*j, 0 = f + 2*j - 32. Suppose -3*u = 4*v - 36, v - 8*u = -4*u + f. What is the units digit of i(v)?
7
Suppose 4*u + 5*c - 1749 + 5524 = 0, u - c = -955. Let m = u - -2197. What is the thousands digit of m?
1
Suppose -4*x - 3*u - 4 = 0, -2*x - 4*u - 13 = -1. Suppose s + 16 = -y - s, -7 = x*y - s. What is the tens digit of (-4)/y*792/16?
3
What is the thousands digit of (134/(-2 + 1))/(-7*6/1659)?
5
Let i(w) = 91*w - 3. Let t(f) = -4*f + 30. Let z be t(7). Let p be i(z). Suppose -p = -8*l + 221. What is the tens digit of l?
5
Let q(r) = 3*r**2 - r - 1. Let d be q(-1). Suppose 3*v - v = -d*u + 532, -u - 256 = -v. Suppose -140 = -5*f + v. What is the tens digit of f?
8
Let a = -67 - -69. Suppose -3*f + 639 = i - 279, 6 = a*i. What is the hundreds digit of f?
3
Let s be ((-192)/(-6))/(-4) + 13. Suppose -s*g + 3*i + 1916 = 0, 48*g + 1528 = 52*g - 4*i. What is the tens digit of g?
8
Suppose -39*v = 2*y - 38*v - 11571, -3*y - v = -17354. What is the hundreds digit of y?
7
Let q be (8 + 4)/(-4) - -52. Let a = q - 37. What is the units digit of 483/a + 2/(-8)?
0
Suppose -5*w - 3*p = 201, -w + 3*p - 27 = 8*p. Let a(h) = h**2 + 25*h - 187. What is the units digit of a(w)?
7
Let g(u) be the second derivative of u**4/12 + u**3 - 3*u**2/2 - 2*u. Let f be g(-7). What is the units digit of 3 + (-64)/(-1) - (-1 + f)?
4
Suppose -4*f + 19 - 7 = 0. Suppose 135 = 4*p + f*v, -5*p + 3*v + 170 = 7*v. Let r = -21 + p. What is the units digit of r?
9
Suppose 3942 = 127*l - 136*l. Let y = 614 + l. What is the tens digit of y?
7
Let x(u) = -1498*u + 263. What is the thousands digit of x(-10)?
5
Suppose 3*a = 3*k - 36 - 48, 3*k = -4*a + 112. Let c(y) = -3*y**3 - y**2 - 34 + 13*y**3 + k. What is the units digit of c(2)?
4
Suppose d + 29 + 70 = -5*h, -3*d - 2*h - 245 = 0. Let r = 322 + d. What is the hundreds digit of r?
2
Let i(s) be the second derivative of -16*s**3 - 5*s**2 + 51*s. What is the hundreds digit of i(-4)?
3
Let p(g) = g**3 - 3*g**2 + 3*g - 22. Let o(t) = t**3 - 21*t**2 + 21*t - 15. Let s be o(20). What is the units digit of p(s)?
3
Suppose -27238 = -